{"id":147,"date":"2025-05-24T17:03:01","date_gmt":"2025-05-24T15:03:01","guid":{"rendered":"https:\/\/www.enfantsdurwanda.com\/?page_id=147"},"modified":"2025-05-24T17:03:01","modified_gmt":"2025-05-24T15:03:01","slug":"si-vous-partez-au-rwanda","status":"publish","type":"page","link":"https:\/\/www.enfantsdurwanda.com\/?page_id=147","title":{"rendered":"Si vous partez au Rwanda"},"content":{"rendered":"<p>Vous envisagez de partir au Rwanda?<br \/>\nIl vous reste de la place dans vos valises?<br \/>\nEt vous habitez aux environs de Nantes?<\/p>\n<p>N\u2019h\u00e9sitez pas \u00e0 nous contacter<\/p>\n<ul>\n<li>si vous acceptez d&rsquo;apporter des carr\u00e9s de laine ou des petits v\u00eatements de b\u00e9b\u00e9 au Rwanda<\/li>\n<li>au retour\u00a0 pour rapporter de l&rsquo;artisanat.<\/li>\n<\/ul>\n<p>Nous contacter : enfantsdurwanda@gmail.com ou 07 81 29 93 76<\/p>\n<p>Agathe, une Rwandaise qui repr\u00e9sente l&rsquo;association au Rwanda et vit \u00e0 Kigali, se fera un plaisir d\u2019aller r\u00e9cup\u00e9rer ce que vous aurez apport\u00e9 et\/ou de vous remettre l&rsquo;artisanat avant votre d\u00e9part.<\/p>\n<p>Merci<\/p>\n<p>Ci-dessous un v\u00eatement et une couverture fabriqu\u00e9s avec des carr\u00e9s de laine tricot\u00e9s par des personnes de La Chapelle<\/p>\n<p><img loading=\"lazy\" decoding=\"async\" class=\"alignnone size-full wp-image-148\" src=\"https:\/\/www.enfantsdurwanda.com\/wp-content\/uploads\/2025\/05\/033-TIC-kine-vetement-et-couverture-laine-20240914_094944.resized.jpg\" alt=\"\" width=\"720\" height=\"960\" srcset=\"https:\/\/www.enfantsdurwanda.com\/wp-content\/uploads\/2025\/05\/033-TIC-kine-vetement-et-couverture-laine-20240914_094944.resized.jpg 720w, https:\/\/www.enfantsdurwanda.com\/wp-content\/uploads\/2025\/05\/033-TIC-kine-vetement-et-couverture-laine-20240914_094944.resized-225x300.jpg 225w\" sizes=\"auto, (max-width: 720px) 100vw, 720px\" \/><\/p>\n","protected":false},"excerpt":{"rendered":"<p>Vous envisagez de partir au Rwanda? Il vous reste de la place dans vos valises? Et vous habitez aux environs de Nantes? N\u2019h\u00e9sitez pas \u00e0 nous contacter si vous acceptez d&rsquo;apporter des carr\u00e9s de laine ou des petits v\u00eatements de &hellip; <a href=\"https:\/\/www.enfantsdurwanda.com\/?page_id=147\">Continuer la lecture <span class=\"meta-nav\">&rarr;<\/span><\/a><\/p>\n","protected":false},"author":2,"featured_media":0,"parent":0,"menu_order":0,"comment_status":"closed","ping_status":"closed","template":"","meta":{"footnotes":""},"class_list":["post-147","page","type-page","status-publish","hentry"],"_links":{"self":[{"href":"https:\/\/www.enfantsdurwanda.com\/index.php?rest_route=\/wp\/v2\/pages\/147","targetHints":{"allow":["GET"]}}],"collection":[{"href":"https:\/\/www.enfantsdurwanda.com\/index.php?rest_route=\/wp\/v2\/pages"}],"about":[{"href":"https:\/\/www.enfantsdurwanda.com\/index.php?rest_route=\/wp\/v2\/types\/page"}],"author":[{"embeddable":true,"href":"https:\/\/www.enfantsdurwanda.com\/index.php?rest_route=\/wp\/v2\/users\/2"}],"replies":[{"embeddable":true,"href":"https:\/\/www.enfantsdurwanda.com\/index.php?rest_route=%2Fwp%2Fv2%2Fcomments&post=147"}],"version-history":[{"count":1,"href":"https:\/\/www.enfantsdurwanda.com\/index.php?rest_route=\/wp\/v2\/pages\/147\/revisions"}],"predecessor-version":[{"id":149,"href":"https:\/\/www.enfantsdurwanda.com\/index.php?rest_route=\/wp\/v2\/pages\/147\/revisions\/149"}],"wp:attachment":[{"href":"https:\/\/www.enfantsdurwanda.com\/index.php?rest_route=%2Fwp%2Fv2%2Fmedia&parent=147"}],"curies":[{"name":"wp","href":"https:\/\/api.w.org\/{rel}","templated":true}]}}

<p>Vous envisagez de partir au Rwanda?<br />
Il vous reste de la place dans vos valises?<br />
Et vous habitez aux environs de Nantes?</p>
<p>N’hésitez pas à nous contacter</p>
<ul>
<li>si vous acceptez d&rsquo;apporter des carrés de laine ou des petits vêtements de bébé au Rwanda</li>
<li>au retour  pour rapporter de l&rsquo;artisanat.</li>
</ul>
<p>Nous contacter : enfantsdurwanda@gmail.com ou 07 81 29 93 76</p>
<p>Agathe, une Rwandaise qui représente l&rsquo;association au Rwanda et vit à Kigali, se fera un plaisir d’aller récupérer ce que vous aurez apporté et/ou de vous remettre l&rsquo;artisanat avant votre départ.</p>
<p>Merci</p>
<p>Ci-dessous un vêtement et une couverture fabriqués avec des carrés de laine tricotés par des personnes de La Chapelle</p>
<p><img loading="lazy" decoding="async" class="alignnone size-full wp-image-148" src="https://www.enfantsdurwanda.com/wp-content/uploads/2025/05/033-TIC-kine-vetement-et-couverture-laine-20240914_094944.resized.jpg" alt="" width="720" height="960" srcset="https://www.enfantsdurwanda.com/wp-content/uploads/2025/05/033-TIC-kine-vetement-et-couverture-laine-20240914_094944.resized.jpg 720w, https://www.enfantsdurwanda.com/wp-content/uploads/2025/05/033-TIC-kine-vetement-et-couverture-laine-20240914_094944.resized-225x300.jpg 225w" sizes="auto, (max-width: 720px) 100vw, 720px" /></p>

<p>Vous envisagez de partir au Rwanda? Il vous reste de la place dans vos valises? Et vous habitez aux environs de Nantes? N’hésitez pas à nous contacter si vous acceptez d&rsquo;apporter des carrés de laine ou des petits vêtements de &hellip; <a href="https://www.enfantsdurwanda.com/?page_id=147">Continuer la lecture <span class="meta-nav">&rarr;</span></a></p>
